{"id":148,"date":"2021-04-14T17:12:02","date_gmt":"2021-04-14T17:12:02","guid":{"rendered":"https:\/\/itcams.eu\/?page_id=148"},"modified":"2025-08-01T10:08:03","modified_gmt":"2025-08-01T10:08:03","slug":"impressum","status":"publish","type":"page","link":"https:\/\/itcams.eu\/?page_id=148","title":{"rendered":"Impressum"},"content":{"rendered":"\n<div class=\"wp-block-themeisle-blocks-advanced-columns has-1-columns has-desktop-equal-layout has-tablet-equal-layout has-mobile-equal-layout has-default-gap has-vertical-unset\" id=\"wp-block-themeisle-blocks-advanced-columns-79484a1d\"><div class=\"wp-block-themeisle-blocks-advanced-columns-overlay\"><\/div><div class=\"innerblocks-wrap\">\n<div class=\"wp-block-themeisle-blocks-advanced-column\" id=\"wp-block-themeisle-blocks-advanced-column-8c92ba15\">\n<div class=\"wp-block-group\"><div class=\"wp-block-group__inner-container\">\n<h3>Angaben gem\u00e4\u00df \u00a7 5 TMG<\/h3>\n<p>Sebastian Schwarz<br>ITcamS<br>Inhaber: Schwarz Sebastian<br>Bussenstra\u00dfe. 14<br>88521 Ertingen<\/p>\n<h3>Kontakt<\/h3>\n<p>Telefon: +49 (0) 7371 1296042<br>Telefax: +49 (0) 7371 129720<br>E-Mail: info@itcams.eu<\/p>\n<h3>Redaktionell Verantwortlicher<\/h3>\n<p>Sebastian Schwarz<br>Bussenstra\u00dfe 14<br>88521 Ertingen<\/p>\n<h4>Haftung f\u00fcr Inhalte<\/h4>\n<p>Als Diensteanbieter sind wir gem\u00e4\u00df \u00a7 7 Abs.1 TMG f\u00fcr eigene Inhalte auf diesen Seiten nach den allgemeinen Gesetzen verantwortlich. Nach \u00a7\u00a7 8 bis 10 TMG sind wir als Diensteanbieter jedoch nicht verpflichtet, \u00fcbermittelte oder gespeicherte fremde Informationen zu \u00fcberwachen oder nach Umst\u00e4nden zu forschen, die auf eine rechtswidrige T\u00e4tigkeit hinweisen.<\/p>\n<p>Verpflichtungen zur Entfernung oder Sperrung der Nutzung von Informationen nach den allgemeinen Gesetzen bleiben hiervon unber\u00fchrt. Eine diesbez\u00fcgliche Haftung ist jedoch erst ab dem Zeitpunkt der Kenntnis einer konkreten Rechtsverletzung m\u00f6glich. Bei Bekanntwerden von entsprechenden Rechtsverletzungen werden wir diese Inhalte umgehend entfernen.<\/p>\n<h4>Haftung f\u00fcr Links<\/h4>\n<p>Unser Angebot kann Links zu externen Websites Dritter enthalten, auf deren Inhalte wir keinen Einfluss haben. Deshalb k\u00f6nnen wir f\u00fcr diese fremden Inhalte auch keine Gew\u00e4hr \u00fcbernehmen. F\u00fcr die Inhalte der verlinkten Seiten ist stets der jeweilige Anbieter oder Betreiber der Seiten verantwortlich. Die verlinkten Seiten wurden zum Zeitpunkt der Verlinkung auf m\u00f6gliche Rechtsverst\u00f6\u00dfe \u00fcberpr\u00fcft. Rechtswidrige Inhalte waren zum Zeitpunkt der Verlinkung nicht erkennbar.<\/p>\n<p>Eine permanente inhaltliche Kontrolle der verlinkten Seiten ist jedoch ohne konkrete Anhaltspunkte einer Rechtsverletzung nicht zumutbar. Bei Bekanntwerden von Rechtsverletzungen werden wir derartige Links umgehend entfernen.<\/p>\n<h4>Urheberrecht<\/h4>\n<p>Die durch die Seitenbetreiber erstellten Inhalte und Werke auf diesen Seiten unterliegen dem deutschen Urheberrecht. Die Vervielf\u00e4ltigung, Bearbeitung, Verbreitung und jede Art der Verwertung au\u00dferhalb der Grenzen des Urheberrechtes bed\u00fcrfen der schriftlichen Zustimmung des jeweiligen Autors bzw. Erstellers. Downloads und Kopien dieser Seite sind nur f\u00fcr den privaten, nicht kommerziellen Gebrauch gestattet.<\/p>\n<p>Soweit die Inhalte auf dieser Seite nicht vom Betreiber erstellt wurden, werden die Urheberrechte Dritter beachtet. Insbesondere werden Inhalte Dritter als solche gekennzeichnet. Sollten Sie trotzdem auf eine Urheberrechtsverletzung aufmerksam werden, bitten wir um einen entsprechenden Hinweis. Bei Bekanntwerden von Rechtsverletzungen werden wir derartige Inhalte umgehend entfernen.<\/p>\n<p>Quelle: <a href=\"https:\/\/www.e-recht24.de\/impressum-generator.html\">https:\/\/www.e-recht24.de\/impressum-generator.html<\/a><\/p>\n<\/div><\/div>\n<\/div>\n<\/div><\/div>\n\n\n\n<p><\/p>\n","protected":false},"excerpt":{"rendered":"<p>Angaben gem\u00e4\u00df \u00a7 5 TMG Sebastian SchwarzITcamSInhaber: Schwarz SebastianBussenstra\u00dfe. 1488521 Ertingen Kontakt Telefon: +49 (0) 7371 1296042Telefax: +49 (0) 7371 129720E-Mail: info@itcams.eu Redaktionell Verantwortlicher Sebastian SchwarzBussenstra\u00dfe 1488521 Ertingen Haftung f\u00fcr Inhalte Als Diensteanbieter sind wir gem\u00e4\u00df \u00a7 7 Abs.1 TMG f\u00fcr eigene Inhalte auf diesen Seiten nach den allgemeinen Gesetzen &hellip;<\/p>\n","protected":false},"author":1,"featured_media":0,"parent":0,"menu_order":0,"comment_status":"closed","ping_status":"closed","template":"","meta":{"footnotes":""},"class_list":["post-148","page","type-page","status-publish","hentry"],"yoast_head":"<!-- This site is optimized with the Yoast SEO plugin v27.3 - https:\/\/yoast.com\/product\/yoast-seo-wordpress\/ -->\n<title>Impressum - ITcamS<\/title>\n<meta name=\"robots\" content=\"index, follow, max-snippet:-1, max-image-preview:large, max-video-preview:-1\" \/>\n<link rel=\"canonical\" href=\"https:\/\/itcams.eu\/?page_id=148\" \/>\n<meta property=\"og:locale\" content=\"de_DE\" \/>\n<meta property=\"og:type\" content=\"article\" \/>\n<meta property=\"og:title\" content=\"Impressum - ITcamS\" \/>\n<meta property=\"og:description\" content=\"Angaben gem\u00e4\u00df \u00a7 5 TMG Sebastian SchwarzITcamSInhaber: Schwarz SebastianBussenstra\u00dfe. 1488521 Ertingen Kontakt Telefon: +49 (0) 7371 1296042Telefax: +49 (0) 7371 129720E-Mail: info@itcams.eu Redaktionell Verantwortlicher Sebastian SchwarzBussenstra\u00dfe 1488521 Ertingen Haftung f\u00fcr Inhalte Als Diensteanbieter sind wir gem\u00e4\u00df \u00a7 7 Abs.1 TMG f\u00fcr eigene Inhalte auf diesen Seiten nach den allgemeinen Gesetzen &hellip;\" \/>\n<meta property=\"og:url\" content=\"https:\/\/itcams.eu\/?page_id=148\" \/>\n<meta property=\"og:site_name\" content=\"ITcamS\" \/>\n<meta property=\"article:modified_time\" content=\"2025-08-01T10:08:03+00:00\" \/>\n<meta name=\"twitter:card\" content=\"summary_large_image\" \/>\n<meta name=\"twitter:label1\" content=\"Gesch\u00e4tzte Lesezeit\" \/>\n\t<meta name=\"twitter:data1\" content=\"2\u00a0Minuten\" \/>\n<script type=\"application\/ld+json\" class=\"yoast-schema-graph\">{\"@context\":\"https:\\\/\\\/schema.org\",\"@graph\":[{\"@type\":\"WebPage\",\"@id\":\"https:\\\/\\\/itcams.eu\\\/?page_id=148\",\"url\":\"https:\\\/\\\/itcams.eu\\\/?page_id=148\",\"name\":\"Impressum - ITcamS\",\"isPartOf\":{\"@id\":\"https:\\\/\\\/itcams.eu\\\/#website\"},\"datePublished\":\"2021-04-14T17:12:02+00:00\",\"dateModified\":\"2025-08-01T10:08:03+00:00\",\"breadcrumb\":{\"@id\":\"https:\\\/\\\/itcams.eu\\\/?page_id=148#breadcrumb\"},\"inLanguage\":\"de\",\"potentialAction\":[{\"@type\":\"ReadAction\",\"target\":[\"https:\\\/\\\/itcams.eu\\\/?page_id=148\"]}]},{\"@type\":\"BreadcrumbList\",\"@id\":\"https:\\\/\\\/itcams.eu\\\/?page_id=148#breadcrumb\",\"itemListElement\":[{\"@type\":\"ListItem\",\"position\":1,\"name\":\"Startseite\",\"item\":\"https:\\\/\\\/itcams.eu\\\/\"},{\"@type\":\"ListItem\",\"position\":2,\"name\":\"Impressum\"}]},{\"@type\":\"WebSite\",\"@id\":\"https:\\\/\\\/itcams.eu\\\/#website\",\"url\":\"https:\\\/\\\/itcams.eu\\\/\",\"name\":\"ITcamS\",\"description\":\"cut above mandatory\",\"publisher\":{\"@id\":\"https:\\\/\\\/itcams.eu\\\/#organization\"},\"potentialAction\":[{\"@type\":\"SearchAction\",\"target\":{\"@type\":\"EntryPoint\",\"urlTemplate\":\"https:\\\/\\\/itcams.eu\\\/?s={search_term_string}\"},\"query-input\":{\"@type\":\"PropertyValueSpecification\",\"valueRequired\":true,\"valueName\":\"search_term_string\"}}],\"inLanguage\":\"de\"},{\"@type\":\"Organization\",\"@id\":\"https:\\\/\\\/itcams.eu\\\/#organization\",\"name\":\"ITcamS\",\"url\":\"https:\\\/\\\/itcams.eu\\\/\",\"logo\":{\"@type\":\"ImageObject\",\"inLanguage\":\"de\",\"@id\":\"https:\\\/\\\/itcams.eu\\\/#\\\/schema\\\/logo\\\/image\\\/\",\"url\":\"https:\\\/\\\/itcams.eu\\\/wp-content\\\/uploads\\\/2024\\\/05\\\/blue-matrix-abstract-digital-background-big-size-binary-code-65285787.png\",\"contentUrl\":\"https:\\\/\\\/itcams.eu\\\/wp-content\\\/uploads\\\/2024\\\/05\\\/blue-matrix-abstract-digital-background-big-size-binary-code-65285787.png\",\"width\":379,\"height\":359,\"caption\":\"ITcamS\"},\"image\":{\"@id\":\"https:\\\/\\\/itcams.eu\\\/#\\\/schema\\\/logo\\\/image\\\/\"}}]}<\/script>\n<!-- \/ Yoast SEO plugin. -->","yoast_head_json":{"title":"Impressum - ITcamS","robots":{"index":"index","follow":"follow","max-snippet":"max-snippet:-1","max-image-preview":"max-image-preview:large","max-video-preview":"max-video-preview:-1"},"canonical":"https:\/\/itcams.eu\/?page_id=148","og_locale":"de_DE","og_type":"article","og_title":"Impressum - ITcamS","og_description":"Angaben gem\u00e4\u00df \u00a7 5 TMG Sebastian SchwarzITcamSInhaber: Schwarz SebastianBussenstra\u00dfe. 1488521 Ertingen Kontakt Telefon: +49 (0) 7371 1296042Telefax: +49 (0) 7371 129720E-Mail: info@itcams.eu Redaktionell Verantwortlicher Sebastian SchwarzBussenstra\u00dfe 1488521 Ertingen Haftung f\u00fcr Inhalte Als Diensteanbieter sind wir gem\u00e4\u00df \u00a7 7 Abs.1 TMG f\u00fcr eigene Inhalte auf diesen Seiten nach den allgemeinen Gesetzen &hellip;","og_url":"https:\/\/itcams.eu\/?page_id=148","og_site_name":"ITcamS","article_modified_time":"2025-08-01T10:08:03+00:00","twitter_card":"summary_large_image","twitter_misc":{"Gesch\u00e4tzte Lesezeit":"2\u00a0Minuten"},"schema":{"@context":"https:\/\/schema.org","@graph":[{"@type":"WebPage","@id":"https:\/\/itcams.eu\/?page_id=148","url":"https:\/\/itcams.eu\/?page_id=148","name":"Impressum - ITcamS","isPartOf":{"@id":"https:\/\/itcams.eu\/#website"},"datePublished":"2021-04-14T17:12:02+00:00","dateModified":"2025-08-01T10:08:03+00:00","breadcrumb":{"@id":"https:\/\/itcams.eu\/?page_id=148#breadcrumb"},"inLanguage":"de","potentialAction":[{"@type":"ReadAction","target":["https:\/\/itcams.eu\/?page_id=148"]}]},{"@type":"BreadcrumbList","@id":"https:\/\/itcams.eu\/?page_id=148#breadcrumb","itemListElement":[{"@type":"ListItem","position":1,"name":"Startseite","item":"https:\/\/itcams.eu\/"},{"@type":"ListItem","position":2,"name":"Impressum"}]},{"@type":"WebSite","@id":"https:\/\/itcams.eu\/#website","url":"https:\/\/itcams.eu\/","name":"ITcamS","description":"cut above mandatory","publisher":{"@id":"https:\/\/itcams.eu\/#organization"},"potentialAction":[{"@type":"SearchAction","target":{"@type":"EntryPoint","urlTemplate":"https:\/\/itcams.eu\/?s={search_term_string}"},"query-input":{"@type":"PropertyValueSpecification","valueRequired":true,"valueName":"search_term_string"}}],"inLanguage":"de"},{"@type":"Organization","@id":"https:\/\/itcams.eu\/#organization","name":"ITcamS","url":"https:\/\/itcams.eu\/","logo":{"@type":"ImageObject","inLanguage":"de","@id":"https:\/\/itcams.eu\/#\/schema\/logo\/image\/","url":"https:\/\/itcams.eu\/wp-content\/uploads\/2024\/05\/blue-matrix-abstract-digital-background-big-size-binary-code-65285787.png","contentUrl":"https:\/\/itcams.eu\/wp-content\/uploads\/2024\/05\/blue-matrix-abstract-digital-background-big-size-binary-code-65285787.png","width":379,"height":359,"caption":"ITcamS"},"image":{"@id":"https:\/\/itcams.eu\/#\/schema\/logo\/image\/"}}]}},"_links":{"self":[{"href":"https:\/\/itcams.eu\/index.php?rest_route=\/wp\/v2\/pages\/148","targetHints":{"allow":["GET"]}}],"collection":[{"href":"https:\/\/itcams.eu\/index.php?rest_route=\/wp\/v2\/pages"}],"about":[{"href":"https:\/\/itcams.eu\/index.php?rest_route=\/wp\/v2\/types\/page"}],"author":[{"embeddable":true,"href":"https:\/\/itcams.eu\/index.php?rest_route=\/wp\/v2\/users\/1"}],"replies":[{"embeddable":true,"href":"https:\/\/itcams.eu\/index.php?rest_route=%2Fwp%2Fv2%2Fcomments&post=148"}],"version-history":[{"count":9,"href":"https:\/\/itcams.eu\/index.php?rest_route=\/wp\/v2\/pages\/148\/revisions"}],"predecessor-version":[{"id":382,"href":"https:\/\/itcams.eu\/index.php?rest_route=\/wp\/v2\/pages\/148\/revisions\/382"}],"wp:attachment":[{"href":"https:\/\/itcams.eu\/index.php?rest_route=%2Fwp%2Fv2%2Fmedia&parent=148"}],"curies":[{"name":"wp","href":"https:\/\/api.w.org\/{rel}","templated":true}]}}